ime number?
True
Is 53569 prime?
True
Is 526173 a prime number?
False
Is 3779 composite?
False
Is 206513 a composite number?
True
Is 236191 composite?
True
Is 133919 prime?
True
Is 9953 composite?
True
Is 62177 a prime number?
False
Is 1531 composite?
False
Is 22757 prime?
False
Is 23159 a composite number?
False
Is 866737 prime?
True
Is 12899 a prime number?
True
Is 89 a composite number?
False
Is 39659 prime?
True
Is 586837 prime?
True
Is 18053 a composite number?
True
Is 497279 prime?
True
Is 66587 composite?
False
Is 22993 a composite number?
False
Is 53813 a prime number?
True
Is 6757 a prime number?
False
Is 570637 a composite number?
False
Is 1497 prime?
False
Is 3827 composite?
True
Is 37691 a prime number?
True
Is 127671 prime?
False
Is 69627 composite?
True
Is 1283 a prime number?
True
Is 42197 composite?
False
Is 3965695 a composite number?
True
Is 14369 composite?
False
Is 965 a composite number?
True
Is 24869 composite?
True
Is 126647 a prime number?
False
Is 14693 a prime number?
False
Is 280897 prime?
True
Is 474479 a prime number?
True
Is 43573 prime?
True
Is 22553 prime?
False
Is 1405631 a prime number?
True
Is 32405 a composite number?
True
Is 247523 a composite number?
True
Is 1205221 composite?
True
Is 169627 composite?
False
Is 449 composite?
False
Is 8779 a composite number?
False
Is 66191 a prime number?
True
Is 36503 a composite number?
True
Is 12494 composite?
True
Is 73877 prime?
True
Is 21661 a composite number?
False
Is 34649 a composite number?
False
Is 75397 a composite number?
True
Is 4497 a prime number?
False
Is 72034 composite?
True
Is 4729 a prime number?
True
Is 4227 composite?
True
Is 17341 composite?
False
Is 136589 prime?
False
Is 712891 composite?
False
Is 174037 prime?
False
Is 13997 prime?
True
Is 21673 a composite number?
False
Is 1098095 a composite number?
True
Is 27941 a prime number?
True
Is 70051 composite?
False
Is 9031 prime?
False
Is 26947 a composite number?
False
Is 34757 a composite number?
False
Is 6113 a composite number?
False
Is 129697 a composite number?
True
Is 472273 composite?
False
Is 2657 prime?
True
Is 171809 prime?
False
Is 30869 a composite number?
False
Is 23713 prime?
False
Is 4721 prime?
True
Is 78397 prime?
False
Is 10369 prime?
True
Is 11521 prime?
False
Is 587813 prime?
True
Is 207227 a prime number?
True
Is 312881 a composite number?
True
Is 534473 prime?
True
Is 34211 composite?
False
Is 4621 a prime number?
True
Is 39881 a prime number?
False
Is 23549 prime?
True
Is 23123 composite?
True
Is 10522 a composite number?
True
Is 31357 composite?
False
Is 3179571 a composite number?
True
Is 10771 prime?
True
Is 58579 a composite number?
False
Is 223171 a composite number?
True
Is 83686 prime?
False
Is 37663 composite?
False
Is 13049 prime?
True
Is 93185 a prime number?
False
Is 57207 prime?
False
Is 301177 composite?
False
Is 81799 a prime number?
True
Is 2819 prime?
True
Is 23223 a composite number?
True
Is 1859921 a composite number?
True
Is 114127 composite?
True
Is 44879 a composite number?
False
Is 301109 prime?
False
Is 1589929 a prime number?
False
Is 9527 prime?
False
Is 258917 composite?
False
Is 256805 prime?
False
Is 49889 a composite number?
True
Is 200189 composite?
True
Is 5299 a composite number?
True
Is 112397 prime?
True
Is 94877 prime?
False
Is 752447 a composite number?
False
Is 18169 prime?
True
Is 1800907 composite?
False
Is 22267 a composite number?
True
Is 13751 a composite number?
False
Is 79861 composite?
False
Is 2512747 a composite number?
False
Is 583629 prime?
False
Is 25059 a composite number?
True
Is 1674017 a composite number?
True
Is 348827 composite?
False
Is 1247 a composite number?
True
Is 19289 a composite number?
False
Is 26083 prime?
True
Is 46723 a composite number?
False
Is 19793 composite?
False
Is 10267 a prime number?
True
Is 11917 prime?
False
Is 19193 prime?
False
Is 69871 a prime number?
False
Is 54193 a prime number?
True
Is 71233 a composite number?
False
Is 42853 composite?
False
Is 26447 prime?
False
Is 37613 a prime number?
False
Is 115693 composite?
False
Is 5116571 a prime number?
True
Is 69593 composite?
False
Is 4005101 a composite number?
True
Is 248717 composite?
True
Is 6326 composite?
True
Is 36077 composite?
True
Is 3254 a composite number?
True
Is 42791 a composite number?
True
Is 230017 composite?
False
Is 9589 a prime number?
False
Is 959323 composite?
False
Is 145937 prime?
False
Is 353845 prime?
False
Is 13343 a composite number?
True
Is 16183 a composite number?
False
Is 703 a composite number?
True
Is 1603079 a prime number?
True
Is 6823 a composite number?
False
Is 182117 a composite number?
True
Is 165587 composite?
False
Is 129263 composite?
False
Is 199327 a composite number?
True
Is 1204507 a prime number?
True
Is 1622 prime?
False
Is 873767 composite?
False
Is 776159 a prime number?
True
Is 373803 composite?
True
Is 329041 a prime number?
False
Is 145661 a prime number?
True
Is 490277 prime?
True
Is 1337 prime?
False
Is 55799 composite?
False
Is 475771 a composite number?
True
Is 2941141 a composite number?
True
Is 13781 a composite number?
False
Is 18413 a composite number?
False
Is 12797 prime?
False
Is 1863331 a prime number?
True
Is 64019 prime?
True
Is 49307 composite?
False
Is 405653 a composite number?
True
Is 22045 a composite number?
True
Is 1752001 a composite number?
False
Is 81053 a prime number?
False
Is 33043 a composite number?
True
Is 105817 prime?
True
Is 264437 a composite number?
False
Is 5147 a prime number?
True
Is 63969 composite?
True
Is 30737 prime?
False
Is 911 prime?
True
Is 2927 composite?
False
Is 2411 a composite number?
False
Is 62273 prime?
True
Is 360457 a composite number?
False
Is 27179 prime?
True
Is 376573 a prime number?
True
Is 447173 composite?
False
Is 6617 a prime number?
False
Is 1631 a prime number?
False
Is 6209 a composite number?
True
Is 12199 a composite number?
True
Is 26327 a composite number?
True
Is 15101 prime?
True
Is 39467 a prime number?
False
Is 32173 composite?
False
Is 2395639 a prime number?
False
Is 27771 prime?
False
Is 786299 composite?
True
Is 11735 a composite number?
True
Is 29831 composite?
True
Is 246794 composite?
True
Is 31441 prime?
False
Is 55457 prime?
True
Is 133919 a prime number?
True
Is 357503 prime?
True
Is 7121 a composite number?
False
Is 299067 a prime number?
False
Is 3127 a composite number?
True
Is 14849 a composite number?
True
Is 140711 a composite number?
True
Is 3137 a composite number?
False
Is 85229 composite?
False
Is 97837 composite?
True
Is 314 composite?
True
Is 631 composite?
False
Is 61733 a prime number?
False
Is 204557 a composite number?
False
Is 14941 a composite number?
True
Is 12437 a prime number?
True
Is 29269 a composite number?
False
Is 131381 composite?
False
Is 24159 a composite number?
True
Is 35039 a prime number?
False
Is 422287 prime?
True
Is 1240831 a composite number?
False
Is 221047 a prime number?
True
Is 11257 a prime number?
True
Is 110671 a composite number?
True
Is 35201 a prime number?
True
Is 379 a prime number?
True
Is 71507 a prime number?
False
Is 8143 a composite number?
True
Is 13381 composite?
False
Is 8563 prime?
True
Is 6109 composite?
True
Is 1156413 a prime number?
False
Is 115658 prime?
False
Is 296327 composite?
True
Is 592701 a composite number?
True
Is 108617 composite?
True
Is 23459 a composite number?
False
Is 1308221 composite?
False
Is 51083 composite?
True
Is 17309 a composite number?
True
Is 129799 a prime number?
False
Is 327679 a prime number?
False
Is 4843523 prime?
False
Is 382163 a prime number?
True
Is 4897 a composite number?
True
Is 26147 prime?
False
Is 766761 a composite number?
True
Is 4291 prime?
False
Is 3266335 a composite number?
True
Is 254081 composite?
True
Is 5981 prime?
True
Is 1874933 prime?
False
Is 1915 prime?
False
Is 139147 a composite number?
True
Is 126955 a prime number?
False
Is 1098833 a prime number?
True
Is 53422 a prime number?
False
Is 13501 a prime number?
False
Is 36509 a prime number?
False
Is 34019 a prime number?
True
Is 11959 a prime number?
True
Is 1709 a composite number?
False
Is 48491 composite?
False
Is 52501 prime?
True
Is 5249 prime?
False
Is 29501 composite?
False
Is 41831 a composite number?
True
Is 1203 a comp